
{"id":93,"date":"2014-05-22T13:52:23","date_gmt":"2014-05-22T13:52:23","guid":{"rendered":"http:\/\/auto.consultaweb.org\/wordpress\/?page_id=93"},"modified":"2016-05-23T09:40:06","modified_gmt":"2016-05-23T09:40:06","slug":"portada-2","status":"publish","type":"page","link":"https:\/\/auto.consultaweb.org\/wordpress\/","title":{"rendered":"Portada"},"content":{"rendered":"<table style=\"height: 218px;\" width=\"861\" cellspacing=\"5\" cellpadding=\"5\">\n<tbody>\n<tr>\n<td style=\"text-align: justify;\">AutoConsulta Ciudadana es un proyecto de participaci\u00f3n ciudadana que propone el uso y la investigaci\u00f3n en herramientas de decisi\u00f3n, democracia digital e inteligencia colectiva que permitir\u00edan ponerse de acuerdo f\u00e1cilmente y en corto tiempo a miles, incluso millones de personas. El prefijo \u00abauto\u00bb se refiere a la pretensi\u00f3n de que nadie \u00abdirija\u00bb (como mucho se \u00abfacilite\u00bb) y que sea la\u00a0propia gente la que decide\u00a0sobre qu\u00e9 temas hablar y qu\u00e9 temas consultar.<\/td>\n<\/tr>\n<tr>\n<td style=\"text-align: center;\">&#8230;<\/td>\n<\/tr>\n<tr>\n<td style=\"text-align: justify;\">Puedes registrarte libremente en nuestro canal appgree, opinar, votar y seguir las consultas <a href=\"http:\/\/auto.consultaweb.org\/?page_id=275\">desde esta p\u00e1gina<\/a><\/td>\n<\/tr>\n<tr>\n<td><\/td>\n<\/tr>\n<tr>\n<td><\/td>\n<\/tr>\n<tr bgcolor=\"#998866\">\n<td><span style=\"color: #ffff99;\"><strong>DESTACADO<\/strong><\/span><\/td>\n<\/tr>\n<tr>\n<td><\/td>\n<\/tr>\n<tr>\n<td>(haz clic en las im\u00e1genes o los t\u00edtulos para acceder a las entradas)<\/td>\n<\/tr>\n<tr>\n<td>\u00a0<a href=\"https:\/\/auto.consultaweb.org\/wordpress\/wp-content\/uploads\/2016\/05\/MapaNuevo2016.jpg\"><img loading=\"lazy\" decoding=\"async\" class=\"alignnone size-thumbnail wp-image-299\" src=\"https:\/\/auto.consultaweb.org\/wordpress\/wp-content\/uploads\/2016\/05\/MapaNuevo2016-150x150.jpg\" alt=\"MapaNuevo2016\" width=\"150\" height=\"150\" srcset=\"https:\/\/auto.consultaweb.org\/wordpress\/wp-content\/uploads\/2016\/05\/MapaNuevo2016-150x150.jpg 150w, https:\/\/auto.consultaweb.org\/wordpress\/wp-content\/uploads\/2016\/05\/MapaNuevo2016-96x96.jpg 96w, https:\/\/auto.consultaweb.org\/wordpress\/wp-content\/uploads\/2016\/05\/MapaNuevo2016-24x24.jpg 24w, https:\/\/auto.consultaweb.org\/wordpress\/wp-content\/uploads\/2016\/05\/MapaNuevo2016-36x36.jpg 36w, https:\/\/auto.consultaweb.org\/wordpress\/wp-content\/uploads\/2016\/05\/MapaNuevo2016-48x48.jpg 48w, https:\/\/auto.consultaweb.org\/wordpress\/wp-content\/uploads\/2016\/05\/MapaNuevo2016-64x64.jpg 64w\" sizes=\"auto, (max-width: 150px) 100vw, 150px\" \/><\/a>\u00a0<a href=\"https:\/\/auto.consultaweb.org\/wordpress\/wp-content\/uploads\/2015\/09\/arbol90-A3.jpg\"><img loading=\"lazy\" decoding=\"async\" class=\"alignnone size-thumbnail wp-image-292\" src=\"https:\/\/auto.consultaweb.org\/wordpress\/wp-content\/uploads\/2015\/09\/arbol90-A3-150x150.jpg\" alt=\"arbol90-A3\" width=\"150\" height=\"150\" srcset=\"https:\/\/auto.consultaweb.org\/wordpress\/wp-content\/uploads\/2015\/09\/arbol90-A3-150x150.jpg 150w, https:\/\/auto.consultaweb.org\/wordpress\/wp-content\/uploads\/2015\/09\/arbol90-A3-96x96.jpg 96w, https:\/\/auto.consultaweb.org\/wordpress\/wp-content\/uploads\/2015\/09\/arbol90-A3-24x24.jpg 24w, https:\/\/auto.consultaweb.org\/wordpress\/wp-content\/uploads\/2015\/09\/arbol90-A3-36x36.jpg 36w, https:\/\/auto.consultaweb.org\/wordpress\/wp-content\/uploads\/2015\/09\/arbol90-A3-48x48.jpg 48w, https:\/\/auto.consultaweb.org\/wordpress\/wp-content\/uploads\/2015\/09\/arbol90-A3-64x64.jpg 64w\" sizes=\"auto, (max-width: 150px) 100vw, 150px\" \/><\/a><\/p>\n<p><a rel=\"license\" href=\"http:\/\/creativecommons.org\/licenses\/by-nc-sa\/4.0\/\"><img decoding=\"async\" alt=\"Licencia Creative Commons\" style=\"border-width:0\" src=\"https:\/\/i.creativecommons.org\/l\/by-nc-sa\/4.0\/88x31.png\" \/><\/a><br \/><span xmlns:dct=\"http:\/\/purl.org\/dc\/terms\/\" href=\"http:\/\/purl.org\/dc\/dcmitype\/StillImage\" property=\"dct:title\" rel=\"dct:type\">Mutaciones, Proyecciones, Alternativas y Confluencias 15M<\/span> por <a xmlns:cc=\"http:\/\/creativecommons.org\/ns#\" href=\"auto.consultaweb.org\" property=\"cc:attributionName\" rel=\"cc:attributionURL\">auto.consultaweb.org<\/a> se distribuye bajo una <a rel=\"license\" href=\"http:\/\/creativecommons.org\/licenses\/by-nc-sa\/4.0\/\">Licencia Creative Commons Atribuci\u00f3n-NoComercial-CompartirIgual 4.0 Internacional<\/a>.<br \/>Basada en una obra en <a xmlns:dct=\"http:\/\/purl.org\/dc\/terms\/\" href=\"auto.consultaweb.org\" rel=\"dct:source\">auto.consultaweb.org<\/a><\/p>\n<p><a rel=\"license\" href=\"http:\/\/creativecommons.org\/licenses\/by-nc-sa\/4.0\/\"><img decoding=\"async\" alt=\"Licencia Creative Commons\" style=\"border-width:0\" src=\"https:\/\/i.creativecommons.org\/l\/by-nc-sa\/4.0\/88x31.png\" \/><\/a><br \/><span xmlns:dct=\"http:\/\/purl.org\/dc\/terms\/\" href=\"http:\/\/purl.org\/dc\/dcmitype\/StillImage\" property=\"dct:title\" rel=\"dct:type\">El Programa del 90%<\/span> por <a xmlns:cc=\"http:\/\/creativecommons.org\/ns#\" href=\"auto.consultaweb.org\" property=\"cc:attributionName\" rel=\"cc:attributionURL\">Carlos Rossique y auto.consultaweb.org<\/a> se distribuye bajo una <a rel=\"license\" href=\"http:\/\/creativecommons.org\/licenses\/by-nc-sa\/4.0\/\">Licencia Creative Commons Atribuci\u00f3n-NoComercial-CompartirIgual 4.0 Internacional<\/a>.<br \/>Basada en una obra en <a xmlns:dct=\"http:\/\/purl.org\/dc\/terms\/\" href=\"auto.consultaweb.org\" rel=\"dct:source\">auto.consultaweb.org<\/a>.<br \/>\n&nbsp;<\/td>\n<\/tr>\n<\/tbody>\n<\/table>\n<p>&nbsp;<\/p>\n","protected":false},"excerpt":{"rendered":"<p>AutoConsulta Ciudadana es un proyecto de participaci\u00f3n ciudadana que propone el uso y la investigaci\u00f3n en herramientas de decisi\u00f3n, democracia digital e inteligencia colectiva que permitir\u00edan ponerse de acuerdo f\u00e1cilmente y en corto tiempo a miles, incluso millones de personas. El prefijo \u00abauto\u00bb se refiere a la pretensi\u00f3n de que nadie \u00abdirija\u00bb (como mucho se <a href='https:\/\/auto.consultaweb.org\/wordpress\/' class='excerpt-more'>[&#8230;]<\/a><\/p>\n","protected":false},"author":2,"featured_media":0,"parent":0,"menu_order":0,"comment_status":"closed","ping_status":"closed","template":"","meta":{"footnotes":""},"class_list":["post-93","page","type-page","status-publish","hentry","post-seq-1","post-parity-odd","meta-position-corners","fix"],"jetpack_sharing_enabled":true,"jetpack_shortlink":"https:\/\/wp.me\/P4G9U9-1v","_links":{"self":[{"href":"https:\/\/auto.consultaweb.org\/wordpress\/index.php?rest_route=\/wp\/v2\/pages\/93","targetHints":{"allow":["GET"]}}],"collection":[{"href":"https:\/\/auto.consultaweb.org\/wordpress\/index.php?rest_route=\/wp\/v2\/pages"}],"about":[{"href":"https:\/\/auto.consultaweb.org\/wordpress\/index.php?rest_route=\/wp\/v2\/types\/page"}],"author":[{"embeddable":true,"href":"https:\/\/auto.consultaweb.org\/wordpress\/index.php?rest_route=\/wp\/v2\/users\/2"}],"replies":[{"embeddable":true,"href":"https:\/\/auto.consultaweb.org\/wordpress\/index.php?rest_route=%2Fwp%2Fv2%2Fcomments&post=93"}],"version-history":[{"count":35,"href":"https:\/\/auto.consultaweb.org\/wordpress\/index.php?rest_route=\/wp\/v2\/pages\/93\/revisions"}],"predecessor-version":[{"id":304,"href":"https:\/\/auto.consultaweb.org\/wordpress\/index.php?rest_route=\/wp\/v2\/pages\/93\/revisions\/304"}],"wp:attachment":[{"href":"https:\/\/auto.consultaweb.org\/wordpress\/index.php?rest_route=%2Fwp%2Fv2%2Fmedia&parent=93"}],"curies":[{"name":"wp","href":"https:\/\/api.w.org\/{rel}","templated":true}]}}