
{"id":187,"date":"2014-05-25T11:47:33","date_gmt":"2014-05-25T11:47:33","guid":{"rendered":"http:\/\/auto.consultaweb.org\/wordpress\/?page_id=187"},"modified":"2018-02-26T22:49:27","modified_gmt":"2018-02-26T22:49:27","slug":"calendario-de-consultas-2","status":"publish","type":"page","link":"https:\/\/auto.consultaweb.org\/wordpress\/?page_id=187","title":{"rendered":"Prop\u00f3n Consultas"},"content":{"rendered":"<table width=\"90%\" cellspacing=\"3\" cellpadding=\"5\">\n<tbody>\n<tr>\n<td>\n<p style=\"text-align: justify;\">Por su formato, este tipo de consultas facilitan el dar una voz com\u00fan a grandes conjuntos de personas y adem\u00e1s pueden adaptarse a muchas modalidades de procesos consultivos y deliberativos. Esto es as\u00ed porque de alguna manera resuelven la relaci\u00f3n de muchos a uno. Por ejemplo:<\/p>\n<ul style=\"text-align: justify;\">\n<li>Consultas concretas sobre temas de actualidad. P.ej.: LOMCE, Aborto, \u00abLey Mordaza\u00bb, etc&#8230;<\/li>\n<li>Medidas sobre Democracia, Derechos, Econom\u00eda, Desempleo, Transparencia, Ecolog\u00eda, etc&#8230;<\/li>\n<li>Debate y construcci\u00f3n de un programa o proceso constituyente.<\/li>\n<li>Entrevista a un personaje p\u00fablico por parte de un gran conjunto de personas en tiempo real .<\/li>\n<li>Entrevista a grandes conjuntos de personas por parte de un entrevistador.<\/li>\n<li><em>\u00abConversaci\u00f3n\u00bb<\/em> entre dos grandes conjuntos. P.ej.: J\u00f3venes y mayores, Mujeres y hombres, etc&#8230;<\/li>\n<\/ul>\n<p style=\"text-align: justify;\">Los modos de preguntas que pueden hacerse en appgree pueden ser:<\/p>\n<ul>\n<li style=\"text-align: justify;\">SI\/NO<\/li>\n<li style=\"text-align: justify;\">Escoger una opci\u00f3n entre varias prefijadas<\/li>\n<li style=\"text-align: justify;\">Respuestas abiertas (Propuestas)<\/li>\n<\/ul>\n<\/td>\n<\/tr>\n<\/tbody>\n<\/table>\n<div align=\"center\"><\/div>\n<div style=\"text-align: left;\" align=\"center\">PROP\u00d3N T\u00da UNA CONSULTA, ENTREVISTA O CONVERSACI\u00d3N<\/div>\n<div align=\"center\"><\/div>\n<div style=\"text-align: left;\" align=\"center\">[PHP-consultas1]<\/div>\n<div style=\"text-align: left;\" align=\"center\"><\/div>\n<div style=\"text-align: left;\" align=\"center\">Si quieres hacer comentarios generales por favor hazlos desde la p\u00e1gina <a href=\"http:\/\/auto.consultaweb.org\/?page_id=17\">participa<\/a><\/div>\n<div align=\"center\"><\/div>\n<div align=\"center\"><\/div>\n","protected":false},"excerpt":{"rendered":"<p>Por su formato, este tipo de consultas facilitan el dar una voz com\u00fan a grandes conjuntos de personas y adem\u00e1s pueden adaptarse a muchas modalidades de procesos consultivos y deliberativos. Esto es as\u00ed porque de alguna manera resuelven la relaci\u00f3n de muchos a uno. Por ejemplo: Consultas concretas sobre temas de actualidad. P.ej.: LOMCE, Aborto, <a href='https:\/\/auto.consultaweb.org\/wordpress\/?page_id=187' class='excerpt-more'>[&#8230;]<\/a><\/p>\n","protected":false},"author":2,"featured_media":0,"parent":164,"menu_order":0,"comment_status":"closed","ping_status":"closed","template":"","meta":{"footnotes":""},"class_list":["post-187","page","type-page","status-publish","hentry","post-seq-1","post-parity-odd","meta-position-corners","fix"],"jetpack_sharing_enabled":true,"jetpack_shortlink":"https:\/\/wp.me\/P4G9U9-31","_links":{"self":[{"href":"https:\/\/auto.consultaweb.org\/wordpress\/index.php?rest_route=\/wp\/v2\/pages\/187","targetHints":{"allow":["GET"]}}],"collection":[{"href":"https:\/\/auto.consultaweb.org\/wordpress\/index.php?rest_route=\/wp\/v2\/pages"}],"about":[{"href":"https:\/\/auto.consultaweb.org\/wordpress\/index.php?rest_route=\/wp\/v2\/types\/page"}],"author":[{"embeddable":true,"href":"https:\/\/auto.consultaweb.org\/wordpress\/index.php?rest_route=\/wp\/v2\/users\/2"}],"replies":[{"embeddable":true,"href":"https:\/\/auto.consultaweb.org\/wordpress\/index.php?rest_route=%2Fwp%2Fv2%2Fcomments&post=187"}],"version-history":[{"count":16,"href":"https:\/\/auto.consultaweb.org\/wordpress\/index.php?rest_route=\/wp\/v2\/pages\/187\/revisions"}],"predecessor-version":[{"id":329,"href":"https:\/\/auto.consultaweb.org\/wordpress\/index.php?rest_route=\/wp\/v2\/pages\/187\/revisions\/329"}],"up":[{"embeddable":true,"href":"https:\/\/auto.consultaweb.org\/wordpress\/index.php?rest_route=\/wp\/v2\/pages\/164"}],"wp:attachment":[{"href":"https:\/\/auto.consultaweb.org\/wordpress\/index.php?rest_route=%2Fwp%2Fv2%2Fmedia&parent=187"}],"curies":[{"name":"wp","href":"https:\/\/api.w.org\/{rel}","templated":true}]}}